 and s?
26
Let a(o) = o**2 - 11*o + 48. Let m be a(9). Suppose 31*b - 60 = m*b. Let r be (-2 - -7)*(0 - -3). Calculate the highest common divisor of r and b.
15
Let i be 40 + 0 - 11/((-44)/(-8)). Let c = i - 33. Suppose b = d + 47, -184 = -4*b + 2*d - 0*d. Calculate the greatest common divisor of c and b.
5
Suppose -4*p + p = -9. Suppose p*u = -2*u + 260. Calculate the greatest common factor of 26 and u.
26
Let z(i) = -68*i**3 + i**2 - 5*i - 3. Let j be z(-1). Calculate the highest common factor of 284 and j.
71
Let z be -16 + 4 + -4 - -1. Let b = z - -27. Let r be (20/b)/((-2)/(-36)). Calculate the greatest common divisor of r and 75.
15
Suppose 5*v + 0*v - 65 = 0. Let t(q) = q**3 - 8*q**2 + 9*q + 19. Let w be t(8). Calculate the greatest common factor of v and w.
13
Let u(f) = f**2 - 17*f - 12. Let o be u(18). Suppose -o = -2*n + 3*n. Let h be (-28)/1*(n + 4). What is the highest common divisor of h and 28?
28
Suppose 4*t = -u + 20, 0 = -5*u + u - 2*t + 136. Suppose -p = -5*w - 60, 0*w - 3*w = p - u. Let x = -6 - -11. Calculate the greatest common divisor of p and x.
5
Suppose -r + 0*r + 5*a - 13 = 0, 0 = -a + 3. Suppose 2*n - 6 = 0, -r*n + 34 = 3*z - 47. What is the highest common divisor of 125 and z?
25
Let p be 2/10*1 - 29/(-5). Let v be 1*-2 + (-6 - -17). Calculate the highest common factor of p and v.
3
Let m be (18/(-4))/((-3)/40). Suppose -10 - 11 = -7*q. Let a be (-103 + q)*(-10)/25. Calculate the greatest common factor of m and a.
20
Suppose 4*p = 2*q - 14, 62*p = 3*q + 64*p - 21. Let m = 22 + -1. Calculate the greatest common factor of m and q.
7
Let n(c) = 2*c - 11. Let g be n(6). Suppose -4*z + 2*l = 0, 0 = -0*z + 3*z + 2*l - 14. Suppose -3*v + 19 = -z. Calculate the greatest common factor of v and g.
1
Let z = -4 - -6. Let k be 0 - z*-15*3. Suppose 20 = x + 2*y - y, -3*y = 5*x - k. Calculate the greatest common divisor of x and 105.
15
Suppose 0 = 8*n + 410 - 1514. What is the greatest common factor of 18 and n?
6
Let i(u) = -2*u**2 - 76*u + 210. Let d be i(-40). What is the greatest common divisor of 475 and d?
25
Suppose 26*t - 28*t + 54 = 0. Suppose -7*d = 3*a - 3*d - 62, -a + 16 = -d. What is the greatest common factor of t and a?
9
Suppose -3*n - 12 = -0*n, 5*p = 2*n + 688. Calculate the highest common factor of p and 56.
8
Suppose 5*p + 180 = 2*t, -t - 5*p + 32 = -88. Calculate the highest common divisor of t and 40.
20
Let v = 143 - 121. What is the highest common divisor of v and 121?
11
Suppose -639 = -13*r - 93. What is the highest common factor of r and 126?
42
Suppose -3*z - 2*i + 83 = 0, 5*i = 4*z + 2*i - 122. What is the highest common divisor of 493 and z?
29
Let h(z) = 3*z + 17. Let x be h(-4). Let r(u) = 4*u - 14. Let w be r(x). What is the greatest common factor of w and 18?
6
Suppose -24 = 3*t + 18. Let r = t + 17. Suppose d = k - 1, -r*k - k + 4 = 3*d. Calculate the greatest common divisor of 9 and k.
1
Let y be (-8)/(-36) + 47/(-9). Let j be (2 - -3)*(-12)/y. Let p(v) = -13*v - 8. Let q be p(-8). Calculate the greatest common factor of j and q.
12
Suppose 19*x + 138 = 13*x. Let w = x - -125. Calculate the highest common divisor of w and 255.
51
Let w be (-4)/(-10)*(15 - 5). Suppose -142 + 2 = -w*z. Calculate the greatest common divisor of 5 and z.
5
Let y be (6/(-18))/((-10)/24180). What is the greatest common divisor of 26 and y?
26
Let v be (2 - (-143)/(-78)) + 334/12. Let s = 17 - 9. Let g(t) = -t**3 + 8*t**2 + t - 1. Let x be g(s). What is the highest common divisor of x and v?
7
Suppose 14*k - 598 = -9*k. What is the greatest common divisor of k and 221?
13
Let x = -205 + 112. Let q = -51 - x. Calculate the highest common divisor of q and 28.
14
Suppose -2*a + 234 = 4*h, 21*h - 18*h - 4*a - 148 = 0. What is the highest common factor of h and 616?
56
Let b = -2 - -42. Suppose 2*y = y + 3*j + 4, 4*y + 3*j - 46 = 0. What is the highest common factor of b and y?
10
Let q(k) = k**2 - 7*k + 34. Let b be q(5). What is the greatest common factor of 3 and b?
3
Suppose 0 = -4*n - 2*a - 190, n - 5*n - 4*a - 196 = 0. Let q = -36 - n. What is the highest common divisor of 70 and q?
10
Let n(q) = 2*q**2 + 42*q + 43. Let j be n(-20). Let a be (-578)/6 - (-2)/6. Let m be 0/3 + j - a. What is the highest common divisor of m and 9?
9
Let a(s) = s**2 + 8*s - 12. Suppose -7*u - 29 = -3*u - 5*d, -43 = 5*u - 4*d. Let o be a(u). Calculate the greatest common divisor of o and 84.
21
Let x(s) = s**2 - 10*s - 9. Let k be x(8). Let w be 20/(-6)*90/k. Let o be w/(3/(3 + 12)). What is the greatest common divisor of 6 and o?
6
Suppose 45 = 6*v - v. Let s be v/2*(-16)/(-3). Let g be (-1386)/252*(-24)/22. What is the greatest common divisor of g and s?
6
Let m = -273 + 280. Calculate the highest common factor of m and 469.
7
Let d = -1 + 4. Let l be 8/3*23*27/18. Suppose 5*x - l = -d*z, 0 = 4*z + x - 100 - 0. Calculate the highest common divisor of z and 216.
24
Suppose -3*w + 566 = 2*h, -9*w + 14*w - 946 = -2*h. Calculate the highest common factor of 38 and w.
38
Let v be (80/(-25) - -2)*10/(-6). Suppose 0 = 3*h + h + 12, 5*n - 7 = -h. Suppose 56 = 2*o + n*o. Calculate the highest common factor of o and v.
2
Let b be 1*(-1 + -3) + 7. Suppose -2*s + 5*h - 12 = -48, b*h = 0. Calculate the highest common factor of 90 and s.
18
Let w be (160/28)/(2/7). Let b = -17 + w. Suppose -4*v + b*v + 4*q + 43 = 0, 5*q + 101 = 3*v. What is the greatest common factor of v and 3?
3
Suppose -2*i - w = 3*i - 46, w - 1 = 0. Calculate the greatest common divisor of 531 and i.
9
Let k be 1/(1/(-2))*-20. Let h(j) = 5*j - 58. Let u be h(10). Let a be (4 + -2)/(u/(-32)). Calculate the highest common factor of a and k.
8
Let o be 20/6 + (-3)/9. Let n be 118/o - (-1)/(-3). Suppose 12*v - 47 - 109 = 0. Calculate the greatest common divisor of v and n.
13
Let u be -4 - (3/1 + -11). Suppose -3*o - 42 = 5*a, 5*o - a - u*a + 110 = 0. Let b = 30 + o. What is the greatest common factor of b and 55?
11
Let d = 688 + -393. What is the highest common factor of d and 59?
59
Suppose 5*l = -m + 34, 5*l + 17*m - 31 = 13*m. What is the highest common factor of 161 and l?
7
Let f be 5 + (-4 - (-1 + -4)). Suppose -2*c + 180 = 4*p - f*p, -3*c + 275 = -2*p. Calculate the highest common factor of 38 and c.
19
Let n(l) = -l**3 - l**2 + 90. Let a be n(0). Suppose -b - 4 = -1, 3*k - 2*b - 36 = 0. What is the highest common factor of a and k?
10
Let j be (8*592/(-64))/(2/(-17)). What is the greatest common divisor of 17 and j?
17
Suppose -8*f - 218 + 18 = 0. Let h = f - -43. What is the highest common factor of h and 90?
18
Let l(j) = j**3 + j**2. Let y be l(2). Let g be 78/y + 2/4. Let w = 33 - 5. What is the highest common factor of w and g?
7
Let l be -3 - 2*-3 - 0. Let z(n) = n**3 - n - 2. Let v be z(l). What is the greatest common factor of v and 33?
11
Suppose 7*a + 22 = 3*a + 2*x, 0 = a + 4*x + 10. Let s(q) = 2*q**2 - 8*q. Let z be s(a). Calculate the highest common divisor of 80 and z.
40
Let k be (-78)/(-52) - 243/(-6). Calculate the greatest common factor of 138 and k.
6
Let c = 979 - 259. Calculate the greatest common factor of 18 and c.
18
Suppose -15 = 5*g + 5*w, 0*w + 15 = -5*g - 4*w. Let z be ((-6)/(-3))/2 + 3. Let l = g + z. Calculate the highest common factor of l and 11.
1
Suppose 4*f - 128 = -12. Suppose -5*h - z = -1369 + 65, h - 262 = z. What is the greatest common divisor of h and f?
29
Suppose 3*r = -4*n + 479, -3*n - 6*r + 10*r + 353 = 0. What is the highest common factor of n and 7?
7
Suppose 0 = -14*c + 4198 - 1062. What is the highest common divisor of c and 28?
28
Let g be 5 - 102/(-3) - -6. What is the highest common divisor of g and 30?
15
Let q be (-9)/((33/54)/(-11)). Suppose 4*y = 84 - 8. Suppose -z + y = h, -5*h - 4*z = -9*z - 85. Calculate the highest common divisor of h and q.
18
Let s be (9/(-5) + -22 + 24)*185. What is the highest common factor of s and 296?
37
Let o(h) = -h**3 - 5*h**2 - 2*h - 1. Let s be o(-5). Let y = 659 + -338. Let c be y/12 - (-3)/12. What is the highest common divisor of s and c?
9
Suppose 2*d + 139 - 449 = 0. Let j be (-4)/(-6)*93*1. Calculate the greatest common factor of j and d.
31
Let g be 410/25 + 4/(-10). Suppose -g = -6*y + 2*y. What is the highest common divisor of 16 and y?
4
Let m = -11 + 11. Suppose 0*n - 